-1df + -4570?
-474f
In base 5, what is 1010 + -31031132?
-31030122
In base 14, what is 6b8 - -4b51?
5429
In base 7, what is -614 - 6566356?
-6600303
In base 16, what is -aef - -222?
-8cd
In base 5, what is 4 - -33402130032?
33402130041
In base 3, what is 11101 + 10121002210?
10121021011
In base 15, what is -18 - 73163?
-7317b
In base 3, what is 1022102 + 20022210221?
20101010100
In base 3, what is 201221220020222 - -2?
201221220021001
In base 16, what is -2843 + -1dc?
-2a1f
In base 4, what is -31002222333 - -10020?
-31002212313
In base 3, what is -101122012212 - 210012?
-101200000001
In base 10, what is 1 - 1823678?
-1823677
In base 13, what is 3 - 35195b?
-351958
In base 16, what is -e - caec5?
-caed3
In base 13, what is -22 - -689b9b?
689b79
In base 13, what is -93c + -6376a?
-643a9
In base 4, what is 302200330 + -130223?
302010101
In base 8, what is 353627 - -66?
353715
In base 15, what is 149 - -23531?
2367a
In base 16, what is 497e7 - -2f?
49816
In base 3, what is -201020220202 - -112?
-201020220020
In base 5, what is -34444240 - 2430?
-40002220
In base 3, what is 12 + 12020200210222?
12020200211011
In base 14, what is 2133598d + -4?
21335989
In base 6, what is 15 + 2331042343?
2331042402
In base 7, what is -124665 - -14?
-124651
In base 11, what is 27 - 18515927?
-18515900
In base 4, what is -303130010323 - -201?
-303130010122
In base 2, what is 101001011001 + 10101011010010?
11010100101011
In base 13, what is -c1bacb + 5?
-c1bac6
In base 9, what is 1227 - 23508?
-22271
In base 4, what is 220010 - 1212223?
-332213
In base 15, what is 8 - -b0dc5d?
b0dc66
In base 15, what is -3 - -362ed1?
362ecd
In base 16, what is -11623c91 + 3?
-11623c8e
In base 15, what is -92b3 + -2279?
-b53c
In base 6, what is 4045052411 - 1?
4045052410
In base 12, what is 19a30134 + -5?
19a3012b
In base 3, what is 2 + 12200020210112110?
12200020210112112
In base 4, what is -123320 - 1330120?
-2120100
In base 15, what is 77b2879 - 0?
77b2879
In base 13, what is 52988 + 51?
52a09
In base 11, what is 11a80 + 265?
12235
In base 4, what is 2120333 + -12000?
2102333
In base 15, what is 3 + -3471cb?
-3471c8
In base 16, what is c62de3 - -1e?
c62e01
In base 13, what is -4 - 6b7c013?
-6b7c017
In base 3, what is 11220120 - -12211200?
101202020
In base 12, what is -102107 + 26?
-1020a1
In base 9, what is 11 - -51771653?
51771664
In base 3, what is -121121 + 2111221?
1220100
In base 8, what is -47 + 2534645?
2534576
In base 10, what is -21955 - 3472?
-25427
In base 16, what is -8684 - 4df?
-8b63
In base 7, what is -402 - 143251?
-143653
In base 12, what is 5 + -1533a31?
-1533a28
In base 8, what is -455111773 - -4?
-455111767
In base 12, what is -8b84232 + -2?
-8b84234
In base 5, what is -3 - -13302303010?
13302303002
In base 16, what is -7 - 101249a?
-10124a1
In base 3, what is -101122 + -120010100?
-120111222
In base 4, what is -131213231 + 231331?
-130321300
In base 11, what is 404 - 2973?
-256a
In base 5, what is 2041443130 - -120?
2041443300
In base 14, what is -10373b - -3c?
-1036dd
In base 3, what is 22102022110211101 + 12?
22102022110211120
In base 5, what is 143443301 - -13?
143443314
In base 6, what is 4113304445 - -34?
4113304523
In base 5, what is 20 - -111023423?
111023443
In base 10, what is -5093555 + -70?
-5093625
In base 13, what is -466 + -1462?
-18c8
In base 14, what is 0 - 6717878?
-6717878
In base 5, what is 40 - 33121112?
-33121022
In base 14, what is -4 - 4c6060a?
-4c60610
In base 15, what is -303009 - -c?
-302eec
In base 10, what is 2 - -2889603?
2889605
In base 6, what is 243 - -2543400?
2544043
In base 14, what is 5 + 815c95?
815c9a
In base 5, what is 430 - 2032431?
-2032001
In base 7, what is -5 - -2134231?
2134223
In base 9, what is -4 + -10823623?
-10823627
In base 6, what is 5 + -1252405?
-1252400
In base 2, what is 1 + -10100111110010110110111110?
-10100111110010110110111101
In base 5, what is 0 - 202431124002?
-202431124002
In base 5, what is 3130024441 - -2?
3130024443
In base 4, what is 21312112 + 120?
21312232
In base 2, what is 1 - 11000101111010000101111?
-11000101111010000101110
In base 8, what is -143517560 - -2?
-143517556
In base 2, what is -1101100100111100010 - 1111?
-1101100100111110001
In base 11, what is 3 + 53531a83?
53531a86
In base 7, what is 12151 + 5534?
21015
In base 13, what is -644 + 8bc1?
857a
In base 16, what is 2bf8 + b7f?
3777
In base 5, what is 44341031 + -12424?
44323102
In base 16, what is 2 + -31f1a48?
-31f1a46
In base 5, what is -2333300312 - -200?
-2333300112
In base 16, what is -d6 - -4e8be?
4e7e8
In base 8, what is 31353 + -5223?
24130
In base 16, what is -88584b + -2?
-88584d
In base 15, what is 40692d8 + 3?
40692db
In base 10, what is -19046 + 24182?
5136
In base 4, what is -32032300 - 1123213?
-33222113
In base 5, what is -1242 + -3210433?
-3212230
In base 12, what is 67 - -40951a2?
4095249
In base 13, what is 14b8 + b3aaa?
b5295
In base 12, what is 1493975 + -4?
1493971
In base 6, what is -1124145400 - -2?
-1124145354
In base 13, what is 1cb28 - 9a?
1ca5b
In base 14, what is -15c520c + -26?
-15c5234
In base 10, what is 19381 - -35?
19416
In base 10, what is 14 + -3048016?
-3048002
In base 2, what is 11000 - -110111011101010110111?
110111011101011001111
In base 8, what is 100 + 66064?
66164
In base 9, what is -1766 + 318206?
316330
In base 10, what is -121958 + 6?
-121952
In base 9, what is 611143 - 0?
611143
In base 14, what is -4 - -2665d9?
2665d5
In base 5, what is 1310 + 331302023?
331303333
In base 9, what is -3403664 + -13?
-3403677
In base 12, what is 2861253 + -11?
2861242
In base 11, what is -780 - 2457?
-3127
In base 7, what is 22 + -5151122?
-5151100
In base 15, what is 22704 - -b?
22710
In base 2, what is 100110001010001110010 + -111100110?
100110001001010001100
In base 13, what is -2 - 1c9bb14c?
-1c9bb151
In base 11, what is -196 - 6604?
-679a
In base 16, what is 4 + -75a031b?
-75a0317
In base 2, what is -10011000010111110001110000 - -100?
-10011000010111110001101100
In base 5, what is -102 + -1431114303?
-1431114410
In base 10, what is -1310393 + 689?
-1309704
In base 13, what is 15b422 + -204?
15b21b
In base 13, what is 0 + -9c6463?
-9c6463
In base 10, what is -29670759 + 3?
-29670756
In base 11, what is 554331a + -1?
5543319
In base 8, what is 146737 + -424?
146313
In base 6, what is 23 + 2515514?
2515541
In base 4, what is -23103323113132 + 0?
-23103323113132
In base 2, what is 11110010000100010101 + -10000001?
11110010000010010100
In base 12, what is -51a2b + -90?
-51abb
In base 13, what is -97203 + -664?
-97867
In base 16, what is -7d209 + f?
-7d1fa
In base 6, what is -3035 + 2045242?
2042203
In base 3, what is -100100 - 20000011?
-20100111
In base 5, what is 103400323 + -3?
103400320
In base 12, what is -3a3790 - -17?
-3a3775
In base 14, what is -3d43 - 189?
-40cc
In base 16, what is -6d9 - -2fd2?
28f9
In base 4, what is 2030213313 + 0?
2030213313
In base 16, what is -12fcbe - 15?
-12fcd3
In base 9, what is -2 - -1035684602?
1035684600
In base 16, what is -2 - 17549af?
-17549b1
In base 3, what is -10001120 + 10120101212?
10110100022
In base 12, what is -541b469 - -24?
-541b445
In base 8, what is 4643625701 + -3?
4643625676
In base 4, what is -13 - 100123231?
-100123310
In base 15, what is -a2 - 6b69?
-6c1b
In base 14, what is 6 - 46da54?
-46da4c
In base 2, what is 1001000111100000100001111110 + 1?
1001000111100000100001111111
In base 7, what is 25 - 515245452?
-515245424
In base 8, what is 2173 - -1425520?
1427713
In base 11, what is -1323 + 815a?
6937
In base 16, what is 3a9b70 + 1?
3a9b71
In base 15, what is -74 + c2bd7?
c2b63
In base 2, what is 10010000111010 - 101010111000010?
-11000110001000
In base 6, what is 0 - -115250243?
115250243
In base 5, what is 2233022 + 2131?
2240203
In base 13, what is 1b + 2a28863?
2a28881
In base 12, what is -92802 + 28?
-92796
In base 11, what is 43 + 15843?
15886
In base 13, what is 1538c52 + 6?
1538c58
In base 4, what is 103021101122 + -3?
103021101113
In base 15, what is -110a73 + -10c?
-110b80
In base 9, what is 1123 + -31864?
-30741
In base 15, what is -610 - -2bcc?
25bc
In base 11, what is -11 + -27a9242?
-27a9253
In base 4, what is -31332123 + -1003?
-31333132
In base 7, what is 42 - -51442161?
51442233
In base 4, what is -1 + -31012222330?
-310